{"id":86,"date":"2015-10-17T12:26:56","date_gmt":"2015-10-17T15:26:56","guid":{"rendered":"http:\/\/tixengenharia.com.br\/engenharia\/?page_id=86"},"modified":"2020-03-10T10:14:09","modified_gmt":"2020-03-10T13:14:09","slug":"empresa","status":"publish","type":"page","link":"https:\/\/tixengenharia.com.br\/engenharia\/empresa\/","title":{"rendered":"Empresa"},"content":{"rendered":"<p>&nbsp;<\/p>\n<p style=\"text-align: justify;\">A <strong><a href=\"http:\/\/tixengenharia.com.br\/engenharia\">TIX ENGENHARIA LTDA<\/a><\/strong> \u00e9 uma empresa especializada em <strong><a href=\"http:\/\/tixengenharia.com.br\/engenharia\/servicos\/impermeabilizacoes\/\">impermeabiliza\u00e7\u00f5es<\/a><\/strong>, <strong><a href=\"http:\/\/tixengenharia.com.br\/engenharia\/servicos\/recuperacao-estrutural\/\">reparos estruturais<\/a><\/strong> e <strong><a href=\"http:\/\/tixengenharia.com.br\/engenharia\/servicos\/revestimentos-anticorrosivos\/\">revestimentos anticorrosivos<\/a><\/strong>\u00a0e <strong><a href=\"http:\/\/tixengenharia.com.br\/engenharia\/servicos\/injecoes-poliuretano-e-resinas\/\">sistemas de inje\u00e7\u00e3o de resinas especiais<\/a>\u00a0<\/strong>com\u00a0corpo t\u00e9cnico composto por engenheiros e t\u00e9cnicos, dedicados exclusivamente nesses segmentos.<\/p>\n<p style=\"text-align: justify;\"><img loading=\"lazy\" class=\"alignleft wp-image-168 size-medium\" src=\"http:\/\/tixengenharia.com.br\/engenharia\/wp-content\/uploads\/2015\/10\/03-300x225.jpg\" alt=\"Revestimentos anticorrosivos\" width=\"300\" height=\"225\" \/>Possui em seu portf\u00f3lio uma grande quantidade de obras executadas envolvendo tais\u00a0especializa\u00e7\u00f5es, especialmente\u00a0impermeabiliza\u00e7\u00e3o e recupera\u00e7\u00e3o estrutural, utilizando\u00a0as mais variadas tecnologias dispon\u00edveis, tais como poliuretanos, uretanos,\u00a0ep\u00f3xis, mantas asf\u00e1lticas, cristalizantes, pol\u00edmeros diversos, materiais pr\u00e9-formados ou\u00a0moldados in loco, sempre em estreita atua\u00e7\u00e3o junto \u00e0s engenharias de produto e ao corpo\u00a0t\u00e9cnico dos contratantes.<\/p>\n<p style=\"text-align: justify;\">Entre os setores atendidos, h\u00e1 ind\u00fastrias papeleiras, de alimentos, metal-mec\u00e2nicas, shoppings, edif\u00edcios comerciais e residenciais, refinarias, clubes recreativos e\u00a0etc.<\/p>\n<p style=\"text-align: justify;\">Sempre em busca de tecnologias inovadoras, a <a href=\"http:\/\/tixengenharia.com.br\/engenharia\"><strong>TIX<\/strong> <\/a>investe continuamente em treinamento,\u00a0novas tecnologias e em equipamentos.<\/p>\n<p style=\"text-align: justify;\">Detemos\u00a0extenso know-how t\u00e9cnico, em conson\u00e2ncia com as mudan\u00e7as cont\u00ednuas de mercado e com parcerias duradouras com os mais proeminentes fornecedores de materiais para a execu\u00e7\u00e3o dos servi\u00e7os, dentre os quais destacam-se <strong><a href=\"http:\/\/www.viapol.com.br\/\" target=\"_blank\" rel=\"noopener noreferrer\">Viapol<\/a><\/strong>, <strong><a href=\"http:\/\/www.denverimper.com.br\/\" target=\"_blank\" rel=\"noopener noreferrer\">Denver Imper<\/a><\/strong>,\u00a0<a href=\"http:\/\/www.ihiper.com.br\/\" target=\"_blank\" rel=\"noopener noreferrer\"><strong>IHiper<\/strong>,<\/a>\u00a0<strong><a href=\"http:\/\/www.uniontech.com.br\" target=\"_blank\" rel=\"noopener noreferrer\">Uniontech<\/a><\/strong>, <strong><a href=\"http:\/\/www.tecnolita.com.br\/\" target=\"_blank\" rel=\"noopener noreferrer\">Tecnolita<\/a><\/strong>, dentre outras.<\/p>\n<p style=\"text-align: justify;\">Dentre seus clientes, cita-se <a href=\"http:\/\/vectraconstrutora.com.br\/\" target=\"_blank\" rel=\"noopener noreferrer\">Vectra Construtora<\/a>, <a href=\"http:\/\/www.plaenge.com.br\/\" target=\"_blank\" rel=\"noopener noreferrer\">Plaenge<\/a>, <a href=\"http:\/\/www.ayoshii.com.br\/\" target=\"_blank\" rel=\"noopener noreferrer\">A. Yoshii<\/a>, <a href=\"http:\/\/www.camargocorrea.com.br\/\" target=\"_blank\" rel=\"noopener noreferrer\">Camargo Correa<\/a>, <a href=\"http:\/\/cacique.com.br\/\" target=\"_blank\" rel=\"noopener noreferrer\">Cacique Sol\u00favel<\/a>, <a href=\"http:\/\/www.coamo.com.br\/\" target=\"_blank\" rel=\"noopener noreferrer\">Coamo<\/a>, <a href=\"https:\/\/www.klabin.com.br\" target=\"_blank\" rel=\"noopener noreferrer\">Klabin<\/a>, <a href=\"http:\/\/www.petrobras.com.br\/\" target=\"_blank\" rel=\"noopener noreferrer\">Petrobras<\/a>, <a href=\"http:\/\/www.fibria.com.br\" target=\"_blank\" rel=\"noopener noreferrer\">Fibria\/VCP,<\/a> <a href=\"http:\/\/site.sabesp.com.br\/\" target=\"_blank\" rel=\"noopener noreferrer\">Sabesp<\/a>, <a href=\"http:\/\/www.sanepar.com.br\" target=\"_blank\" rel=\"noopener noreferrer\">Sanepar<\/a>, <a href=\"http:\/\/www.cesbe.com.br\/\" target=\"_blank\" rel=\"noopener noreferrer\">Cesbe<\/a>, <a href=\"http:\/\/www.cocacola.com.br\/\" target=\"_blank\" rel=\"noopener noreferrer\">Coca Cola (Spaipa)<\/a>, Milenia, <a href=\"http:\/\/www.oas.com\/\" target=\"_blank\" rel=\"noopener noreferrer\">OAS <\/a>, <a href=\"http:\/\/afonsofranca.com.br\/\" target=\"_blank\" rel=\"noopener noreferrer\">Afonso Fran\u00e7a<\/a>, <a href=\"http:\/\/www.ibema.com.br\/\" target=\"_blank\" rel=\"noopener noreferrer\">Ibema<\/a>, <a href=\"http:\/\/www.hochtief.com.br\/\" target=\"_blank\" rel=\"noopener noreferrer\">Hochtief<\/a>, <a href=\"http:\/\/www.ccii.com.br\/\" target=\"_blank\" rel=\"noopener noreferrer\">CCII<\/a>, <a href=\"http:\/\/www.aguativa.com.br\/\" target=\"_blank\" rel=\"noopener noreferrer\">Aguativa<\/a>, <a href=\"http:\/\/www.cafeiguacu.com.br\/\" target=\"_blank\" rel=\"noopener noreferrer\">Caf\u00e9 Igua\u00e7\u00fa<\/a>, <a href=\"http:\/\/www.graunaconstrucoes.com.br\/\" target=\"_blank\" rel=\"noopener noreferrer\">Gra\u00fana Constru\u00e7\u00f5es<\/a>, dentre tantos outros.<\/p>\n<p>A <strong><a href=\"http:\/\/tixengenharia.com.br\/engenharia\">TIX ENGENHARIA<\/a>\u00a0<\/strong>possui quadro pr\u00f3prio de colaboradores, com baixa rotatividade de pessoal, todos devidamente qualificados e continuamente treinados.<\/p>\n<hr \/>\n<div class=\"su-tabs su-tabs-style-default su-tabs-mobile-stack\" data-active=\"1\" data-scroll-offset=\"0\" data-anchor-in-url=\"no\"><div class=\"su-tabs-nav\"><span class=\"\" data-url=\"\" data-target=\"blank\" tabindex=\"0\" role=\"button\">MISS\u00c3O<\/span><span class=\"\" data-url=\"\" data-target=\"blank\" tabindex=\"0\" role=\"button\">VIS\u00c3O<\/span><span class=\"\" data-url=\"\" data-target=\"blank\" tabindex=\"0\" role=\"button\">PRINC\u00cdPIOS E VALORES<\/span><\/div><div class=\"su-tabs-panes\"><div class=\"su-tabs-pane su-u-clearfix su-u-trim\" data-title=\"MISS\u00c3O\">\n<p style=\"text-align: justify;\">MISS\u00c3O: Desenvolver solu\u00e7\u00f5es inovadoras na constru\u00e7\u00e3o civil de maneira a atender as necessidades dos clientes com objetividade,seguran\u00e7a,qualidade e capacidade t\u00e9cnica,mantendo os colaboradores com total compreens\u00e3o de nosso objetivos.<\/p>\n<\/div>\n<div class=\"su-tabs-pane su-u-clearfix su-u-trim\" data-title=\"VIS\u00c3O\">\n<p style=\"text-align: justify;\">VIS\u00c3O: A Tix Engenharia e Impermeabiliza\u00e7\u00e3o deseja torna \u2013 se referencia na \u00e1reas de Impermeabiliza\u00e7\u00e3o e recupera\u00e7\u00e3o estrutural a partir do desenvolvimento e aplica\u00e7\u00e3o de novas tecnologias,aprimoramento dos colaboradores,com honestidade,respeito ao meio ambiente e valoriza\u00e7\u00e3o da qualidade de vida no ambiente de trabalho.<\/p>\n<\/div>\n<div class=\"su-tabs-pane su-u-clearfix su-u-trim\" data-title=\"PRINC\u00cdPIOS E VALORES\">\n<p style=\"text-align: justify;\">PRINC\u00cdPIOS E VALORES: A Tix Engenharia e Impermeabiliza\u00e7\u00e3o adota as praticas de princ\u00edpios fundamentais do bem comum,trabalho em equipe,respeito as diferen\u00e7as,\u00e9tica transpar\u00eancia e igualdade,crescimento profissional e responsabilidade ambiental.<\/p>\n<\/div><\/div><\/div>\n<p>&nbsp;<\/p>\n<div class=\"su-note\"  style=\"border-color:#cdcdcc;border-radius:3px;-moz-border-radius:3px;-webkit-border-radius:3px;\"><div class=\"su-note-inner su-u-clearfix su-u-trim\" style=\"background-color:#e7e7e6;border-color:#ffffff;color:#333333;border-radius:3px;-moz-border-radius:3px;-webkit-border-radius:3px;\">\n<p style=\"text-align: center;\"><strong>A <a href=\"http:\/\/tixengenharia.com.br\/engenharia\">TIX ENGENHARIA<\/a> e Impermeabiliza\u00e7\u00e3o \u00e9 associada ao <a href=\"http:\/\/ibibrasil.org.br\/\" target=\"_blank\" rel=\"noopener noreferrer\">IBI &#8211; instituto Brasileiro de impermeabiliza\u00e7\u00e3o<\/a>, <a href=\"http:\/\/www.crea-pr.org.br\">CREA- PR<\/a>,\u00a0\u00a0<\/strong><strong><a href=\"http:\/\/www.sinduscon-nortepr.com.br\/\" target=\"_blank\" rel=\"noopener noreferrer\">SINDUSCON Norte-PR<\/a> e <a href=\"http:\/\/ceal-londrina.com.br\" target=\"_blank\" rel=\"noopener noreferrer\">CEAL &#8211; Clube de Engenharia e Arquitetura de Londrina.<\/a><\/strong><\/p>\n<p><img loading=\"lazy\" class=\"aligncenter size-full wp-image-691\" src=\"http:\/\/tixengenharia.com.br\/engenharia\/wp-content\/uploads\/2015\/10\/banner.gif\" alt=\"\" width=\"620\" height=\"92\" \/><\/p>\n<\/div><\/div>\n<hr \/>\n<p>Conhe\u00e7a\u00a0alguns de nosso clientes:<\/p>\n<p>&nbsp;<\/p>\n<div class=\"su-custom-gallery su-custom-gallery-title-hover\"><div class=\"su-custom-gallery-slide\"><a><img src=\"https:\/\/tixengenharia.com.br\/engenharia\/wp-content\/uploads\/2015\/10\/vectra-150x150.gif\" alt=\"Vectra\" width=\"150\" height=\"150\" \/><span class=\"su-custom-gallery-title\">Vectra<\/span><\/a><\/div><div class=\"su-custom-gallery-slide\"><a><img src=\"https:\/\/tixengenharia.com.br\/engenharia\/wp-content\/uploads\/2015\/10\/yoshy-150x150.gif\" alt=\"A Yoshii\" width=\"150\" height=\"150\" \/><span class=\"su-custom-gallery-title\">A Yoshii<\/span><\/a><\/div><div class=\"su-custom-gallery-slide\"><a><img src=\"https:\/\/tixengenharia.com.br\/engenharia\/wp-content\/uploads\/2015\/10\/plaenge-150x150.gif\" alt=\"Plaenge\" width=\"150\" height=\"150\" \/><span class=\"su-custom-gallery-title\">Plaenge<\/span><\/a><\/div><div class=\"su-custom-gallery-slide\"><a><img src=\"https:\/\/tixengenharia.com.br\/engenharia\/wp-content\/uploads\/2015\/10\/camargo-correa-150x150.gif\" alt=\"Camargo Correa\" width=\"150\" height=\"150\" \/><span class=\"su-custom-gallery-title\">Camargo Correa<\/span><\/a><\/div><div class=\"su-custom-gallery-slide\"><a><img src=\"https:\/\/tixengenharia.com.br\/engenharia\/wp-content\/uploads\/2015\/10\/coamo-150x150.gif\" alt=\"Coamo\" width=\"150\" height=\"150\" \/><span class=\"su-custom-gallery-title\">Coamo<\/span><\/a><\/div><div class=\"su-custom-gallery-slide\"><a><img src=\"https:\/\/tixengenharia.com.br\/engenharia\/wp-content\/uploads\/2015\/10\/cacique-150x150.gif\" alt=\"Cacique\" width=\"150\" height=\"150\" \/><span class=\"su-custom-gallery-title\">Cacique<\/span><\/a><\/div><div class=\"su-custom-gallery-slide\"><a><img src=\"https:\/\/tixengenharia.com.br\/engenharia\/wp-content\/uploads\/2015\/10\/sabesp-150x150.gif\" alt=\"Sabesp\" width=\"150\" height=\"150\" \/><span class=\"su-custom-gallery-title\">Sabesp<\/span><\/a><\/div><div class=\"su-custom-gallery-slide\"><a><img src=\"https:\/\/tixengenharia.com.br\/engenharia\/wp-content\/uploads\/2015\/10\/klabin-150x150.gif\" alt=\"Klabin\" width=\"150\" height=\"150\" \/><span class=\"su-custom-gallery-title\">Klabin<\/span><\/a><\/div><div class=\"su-custom-gallery-slide\"><a><img src=\"https:\/\/tixengenharia.com.br\/engenharia\/wp-content\/uploads\/2015\/10\/petrobras-150x150.gif\" alt=\"Petrobras\" width=\"150\" height=\"150\" \/><span class=\"su-custom-gallery-title\">Petrobras<\/span><\/a><\/div><div class=\"su-custom-gallery-slide\"><a><img src=\"https:\/\/tixengenharia.com.br\/engenharia\/wp-content\/uploads\/2015\/10\/fibria-150x150.gif\" alt=\"Fibria\" width=\"150\" height=\"150\" \/><span class=\"su-custom-gallery-title\">Fibria<\/span><\/a><\/div><div class=\"su-custom-gallery-slide\"><a><img src=\"https:\/\/tixengenharia.com.br\/engenharia\/wp-content\/uploads\/2015\/10\/sanepar-150x150.gif\" alt=\"Sanepar\" width=\"150\" height=\"150\" \/><span class=\"su-custom-gallery-title\">Sanepar<\/span><\/a><\/div><div class=\"su-custom-gallery-slide\"><a><img src=\"https:\/\/tixengenharia.com.br\/engenharia\/wp-content\/uploads\/2015\/10\/cesbe-150x150.gif\" alt=\"Cesbe S.A.\" width=\"150\" height=\"150\" \/><span class=\"su-custom-gallery-title\">Cesbe S.A.<\/span><\/a><\/div><div class=\"su-custom-gallery-slide\"><a><img src=\"https:\/\/tixengenharia.com.br\/engenharia\/wp-content\/uploads\/2015\/10\/coca-150x150.gif\" alt=\"Coca-Cola Spaipa\" width=\"150\" height=\"150\" \/><span class=\"su-custom-gallery-title\">Coca-Cola Spaipa<\/span><\/a><\/div><div class=\"su-custom-gallery-slide\"><a><img src=\"https:\/\/tixengenharia.com.br\/engenharia\/wp-content\/uploads\/2015\/10\/milenia-150x150.gif\" alt=\"Milenia\" width=\"150\" height=\"150\" \/><span class=\"su-custom-gallery-title\">Milenia<\/span><\/a><\/div><div class=\"su-custom-gallery-slide\"><a><img src=\"https:\/\/tixengenharia.com.br\/engenharia\/wp-content\/uploads\/2015\/10\/oas-150x150.gif\" alt=\"OAS Parceria Tix Engenharia e Impermeabiliza\u00e7\u00e3o\" width=\"150\" height=\"150\" \/><span class=\"su-custom-gallery-title\">OAS Parceria Tix Engenharia e Impermeabiliza\u00e7\u00e3o<\/span><\/a><\/div><div class=\"su-custom-gallery-slide\"><a><img src=\"https:\/\/tixengenharia.com.br\/engenharia\/wp-content\/uploads\/2015\/10\/afonso-150x150.png\" alt=\"Afonso Fran\u00e7a Engenharia\" width=\"150\" height=\"150\" \/><span class=\"su-custom-gallery-title\">Afonso Fran\u00e7a Engenharia<\/span><\/a><\/div><div class=\"su-custom-gallery-slide\"><a><img src=\"https:\/\/tixengenharia.com.br\/engenharia\/wp-content\/uploads\/2015\/10\/aguativa-150x150.jpg\" alt=\"Aguativa Resort\" width=\"150\" height=\"150\" \/><span class=\"su-custom-gallery-title\">Aguativa Resort<\/span><\/a><\/div><div class=\"su-custom-gallery-slide\"><a><img src=\"https:\/\/tixengenharia.com.br\/engenharia\/wp-content\/uploads\/2015\/10\/ccii_wegg-150x150.jpg\" alt=\"CCII Construtora\" width=\"150\" height=\"150\" \/><span class=\"su-custom-gallery-title\">CCII Construtora<\/span><\/a><\/div><div class=\"su-custom-gallery-slide\"><a><img src=\"https:\/\/tixengenharia.com.br\/engenharia\/wp-content\/uploads\/2015\/10\/grauna-150x150.jpg\" alt=\"Grauna\" width=\"150\" height=\"150\" \/><span class=\"su-custom-gallery-title\">Grauna<\/span><\/a><\/div><div class=\"su-custom-gallery-slide\"><a><img src=\"https:\/\/tixengenharia.com.br\/engenharia\/wp-content\/uploads\/2015\/10\/hochtief-150x150.jpg\" alt=\"Hochtief\" width=\"150\" height=\"150\" \/><span class=\"su-custom-gallery-title\">Hochtief<\/span><\/a><\/div><div class=\"su-custom-gallery-slide\"><a><img src=\"https:\/\/tixengenharia.com.br\/engenharia\/wp-content\/uploads\/2015\/10\/ibema-150x150.jpg\" alt=\"Ibema\" width=\"150\" height=\"150\" \/><span class=\"su-custom-gallery-title\">Ibema<\/span><\/a><\/div><div class=\"su-custom-gallery-slide\"><a><img src=\"https:\/\/tixengenharia.com.br\/engenharia\/wp-content\/uploads\/2015\/10\/iguacu-150x150.jpg\" alt=\"Caf\u00e9 Igua\u00e7u\" width=\"150\" height=\"150\" \/><span class=\"su-custom-gallery-title\">Caf\u00e9 Igua\u00e7u<\/span><\/a><\/div><div class=\"su-custom-gallery-slide\"><a><img src=\"https:\/\/tixengenharia.com.br\/engenharia\/wp-content\/uploads\/2015\/10\/matec-150x150.jpg\" alt=\"Matec Engenharia\" width=\"150\" height=\"150\" \/><span class=\"su-custom-gallery-title\">Matec Engenharia<\/span><\/a><\/div><div class=\"su-custom-gallery-slide\"><a><img src=\"https:\/\/tixengenharia.com.br\/engenharia\/wp-content\/uploads\/2015\/10\/soares_da_costa-150x150.jpg\" alt=\"Soares da Costa\" width=\"150\" height=\"150\" \/><span class=\"su-custom-gallery-title\">Soares da Costa<\/span><\/a><\/div><div class=\"su-clear\"><\/div><\/div>\n<p>&nbsp;<\/p>\n<hr \/>\n<p>&nbsp;<\/p>\n<p><a  href=\"http:\/\/tixengenharia.com.br\/engenharia\/wp-content\/uploads\/2015\/10\/logo_engenharia.png\" data-rel=\"lightbox-gallery-0\" data-rl_title=\"Tix Engenharia e Impermeabiliza\u00e7\u00e3o\" data-rl_caption=\"\" title=\"Tix Engenharia e Impermeabiliza\u00e7\u00e3o\"><img loading=\"lazy\" class=\"alignleft size-full wp-image-207\" src=\"http:\/\/tixengenharia.com.br\/engenharia\/wp-content\/uploads\/2015\/10\/logo_engenharia.png\" alt=\"logo_engenharia\" width=\"200\" height=\"93\" \/><\/a><span style=\"color: #333399;\"><strong><a style=\"color: #333399;\" href=\"http:\/\/tixengenharia.com.br\/engenharia\">TIX ENGENHARIA LTDA<\/a><\/strong><\/span><br \/>\n<strong>Av. Juscelino Kubitscheck, 442 &#8211; Centro, Londrina &#8211; PR<br \/>\n86020-250 | <a href=\"https:\/\/goo.gl\/maps\/hgNV5Yw2uDeAXAWK8\">Mapa<\/a><\/strong><\/p>\n<p><span style=\"color: #333399;\"><a style=\"color: #333399;\" href=\"mailto:tix@tixengenharia.com.br\" target=\"_blank\" rel=\"noopener noreferrer\">tix@tixengenharia.com.br<\/a><\/span>\u00a0|\u00a0<strong>(43)\u00a03345-0100<\/strong><\/p>\n<hr \/>\n<p><iframe loading=\"lazy\" style=\"border: 0;\" src=\"https:\/\/www.google.com\/maps\/embed?pb=!1m18!1m12!1m3!1d3664.2783013451017!2d-51.17363418502705!3d-23.305659284810524!2m3!1f0!2f0!3f0!3m2!1i1024!2i768!4f13.1!3m3!1m2!1s0x94eb44afd3a0a245%3A0x1da63a60e9af2910!2sAv.%20Juscelino%20Kubitscheck%2C%20442%20-%20Jardim%20Santo%20Antonio%2C%20Londrina%20-%20PR%2C%2086020-250!5e0!3m2!1spt-BR!2sbr!4v1583846018398!5m2!1spt-BR!2sbr\" width=\"600\" height=\"450\" frameborder=\"0\" allowfullscreen=\"allowfullscreen\"><\/iframe><\/p>\n<hr \/>\n<blockquote>\n<h4 style=\"text-align: justify;\"><span style=\"color: #333399;\">Tix Engenharia e Impermeabiliza\u00e7\u00e3o &#8211; Agregando valor ao seu empreendimento.<\/span><\/h4>\n<\/blockquote>\n<hr \/>\n","protected":false},"excerpt":{"rendered":"<div class=\"slide-text-bg2\"><span>&nbsp; A TIX ENGENHARIA LTDA \u00e9 uma empresa especializada em impermeabiliza\u00e7\u00f5es, reparos estruturais e revestimentos anticorrosivos\u00a0e sistemas de inje\u00e7<\/span><\/div>\n<div class=\"slide-btn-area-sm\"><a href=\"https:\/\/tixengenharia.com.br\/engenharia\/empresa\/\" class=\"slide-btn-sm\">Ler mais<\/a><\/div>\n","protected":false},"author":1,"featured_media":0,"parent":0,"menu_order":0,"comment_status":"closed","ping_status":"closed","template":"","meta":{"_links_to":"","_links_to_target":""},"yoast_head":"<!-- This site is optimized with the Yoast SEO plugin v17.8 - https:\/\/yoast.com\/wordpress\/plugins\/seo\/ -->\n<title>Impermeabiliza\u00e7\u00e3o Recupera\u00e7\u00e3o Estrutural TIX ENGENHARIA<\/title>\n<meta name=\"description\" content=\"Impermeabiliza\u00e7\u00e3o, refor\u00e7o estrutural, revestimento anticorrosivos s\u00e3o especialidades da TIX ENGENHARIA, obras de todos os portes em todo Brasil.\" \/>\n<meta name=\"robots\" content=\"index, follow, max-snippet:-1, max-image-preview:large, max-video-preview:-1\" \/>\n<link rel=\"canonical\" href=\"https:\/\/tixengenharia.com.br\/engenharia\/empresa\/\" \/>\n<meta property=\"og:locale\" content=\"pt_BR\" \/>\n<meta property=\"og:type\" content=\"article\" \/>\n<meta property=\"og:title\" content=\"Impermeabiliza\u00e7\u00e3o Recupera\u00e7\u00e3o Estrutural TIX ENGENHARIA\" \/>\n<meta property=\"og:description\" content=\"Impermeabiliza\u00e7\u00e3o, refor\u00e7o estrutural, revestimento anticorrosivos s\u00e3o especialidades da TIX ENGENHARIA, obras de todos os portes em todo Brasil.\" \/>\n<meta property=\"og:url\" content=\"https:\/\/tixengenharia.com.br\/engenharia\/empresa\/\" \/>\n<meta property=\"og:site_name\" content=\"Tix Engenharia e Impermeabiliza\u00e7\u00e3o\" \/>\n<meta property=\"article:modified_time\" content=\"2020-03-10T13:14:09+00:00\" \/>\n<meta property=\"og:image\" content=\"http:\/\/tixengenharia.com.br\/engenharia\/wp-content\/uploads\/2015\/10\/03-300x225.jpg\" \/>\n<meta name=\"twitter:card\" content=\"summary\" \/>\n<meta name=\"twitter:label1\" content=\"Est. tempo de leitura\" \/>\n\t<meta name=\"twitter:data1\" content=\"2 minutos\" \/>\n<script type=\"application\/ld+json\" class=\"yoast-schema-graph\">{\"@context\":\"https:\/\/schema.org\",\"@graph\":[{\"@type\":\"WebSite\",\"@id\":\"https:\/\/tixengenharia.com.br\/engenharia\/#website\",\"url\":\"https:\/\/tixengenharia.com.br\/engenharia\/\",\"name\":\"Tix Engenharia e Impermeabiliza\\u00e7\\u00e3o\",\"description\":\"Impermeabiliza\\u00e7\\u00e3o e Recupera\\u00e7\\u00e3o Estrutural - Tix Engenharia\",\"potentialAction\":[{\"@type\":\"SearchAction\",\"target\":{\"@type\":\"EntryPoint\",\"urlTemplate\":\"https:\/\/tixengenharia.com.br\/engenharia\/?s={search_term_string}\"},\"query-input\":\"required name=search_term_string\"}],\"inLanguage\":\"pt-BR\"},{\"@type\":\"ImageObject\",\"@id\":\"https:\/\/tixengenharia.com.br\/engenharia\/empresa\/#primaryimage\",\"inLanguage\":\"pt-BR\",\"url\":\"http:\/\/tixengenharia.com.br\/engenharia\/wp-content\/uploads\/2015\/10\/03-300x225.jpg\",\"contentUrl\":\"http:\/\/tixengenharia.com.br\/engenharia\/wp-content\/uploads\/2015\/10\/03-300x225.jpg\"},{\"@type\":\"WebPage\",\"@id\":\"https:\/\/tixengenharia.com.br\/engenharia\/empresa\/#webpage\",\"url\":\"https:\/\/tixengenharia.com.br\/engenharia\/empresa\/\",\"name\":\"Impermeabiliza\\u00e7\\u00e3o Recupera\\u00e7\\u00e3o Estrutural TIX ENGENHARIA\",\"isPartOf\":{\"@id\":\"https:\/\/tixengenharia.com.br\/engenharia\/#website\"},\"primaryImageOfPage\":{\"@id\":\"https:\/\/tixengenharia.com.br\/engenharia\/empresa\/#primaryimage\"},\"datePublished\":\"2015-10-17T15:26:56+00:00\",\"dateModified\":\"2020-03-10T13:14:09+00:00\",\"description\":\"Impermeabiliza\\u00e7\\u00e3o, refor\\u00e7o estrutural, revestimento anticorrosivos s\\u00e3o especialidades da TIX ENGENHARIA, obras de todos os portes em todo Brasil.\",\"breadcrumb\":{\"@id\":\"https:\/\/tixengenharia.com.br\/engenharia\/empresa\/#breadcrumb\"},\"inLanguage\":\"pt-BR\",\"potentialAction\":[{\"@type\":\"ReadAction\",\"target\":[\"https:\/\/tixengenharia.com.br\/engenharia\/empresa\/\"]}]},{\"@type\":\"BreadcrumbList\",\"@id\":\"https:\/\/tixengenharia.com.br\/engenharia\/empresa\/#breadcrumb\",\"itemListElement\":[{\"@type\":\"ListItem\",\"position\":1,\"name\":\"In\\u00edcio\",\"item\":\"https:\/\/tixengenharia.com.br\/engenharia\/\"},{\"@type\":\"ListItem\",\"position\":2,\"name\":\"Empresa\"}]}]}<\/script>\n<!-- \/ Yoast SEO plugin. -->","yoast_head_json":{"title":"Impermeabiliza\u00e7\u00e3o Recupera\u00e7\u00e3o Estrutural TIX ENGENHARIA","description":"Impermeabiliza\u00e7\u00e3o, refor\u00e7o estrutural, revestimento anticorrosivos s\u00e3o especialidades da TIX ENGENHARIA, obras de todos os portes em todo Brasil.","robots":{"index":"index","follow":"follow","max-snippet":"max-snippet:-1","max-image-preview":"max-image-preview:large","max-video-preview":"max-video-preview:-1"},"canonical":"https:\/\/tixengenharia.com.br\/engenharia\/empresa\/","og_locale":"pt_BR","og_type":"article","og_title":"Impermeabiliza\u00e7\u00e3o Recupera\u00e7\u00e3o Estrutural TIX ENGENHARIA","og_description":"Impermeabiliza\u00e7\u00e3o, refor\u00e7o estrutural, revestimento anticorrosivos s\u00e3o especialidades da TIX ENGENHARIA, obras de todos os portes em todo Brasil.","og_url":"https:\/\/tixengenharia.com.br\/engenharia\/empresa\/","og_site_name":"Tix Engenharia e Impermeabiliza\u00e7\u00e3o","article_modified_time":"2020-03-10T13:14:09+00:00","og_image":[{"url":"http:\/\/tixengenharia.com.br\/engenharia\/wp-content\/uploads\/2015\/10\/03-300x225.jpg"}],"twitter_card":"summary","twitter_misc":{"Est. tempo de leitura":"2 minutos"},"schema":{"@context":"https:\/\/schema.org","@graph":[{"@type":"WebSite","@id":"https:\/\/tixengenharia.com.br\/engenharia\/#website","url":"https:\/\/tixengenharia.com.br\/engenharia\/","name":"Tix Engenharia e Impermeabiliza\u00e7\u00e3o","description":"Impermeabiliza\u00e7\u00e3o e Recupera\u00e7\u00e3o Estrutural - Tix Engenharia","potentialAction":[{"@type":"SearchAction","target":{"@type":"EntryPoint","urlTemplate":"https:\/\/tixengenharia.com.br\/engenharia\/?s={search_term_string}"},"query-input":"required name=search_term_string"}],"inLanguage":"pt-BR"},{"@type":"ImageObject","@id":"https:\/\/tixengenharia.com.br\/engenharia\/empresa\/#primaryimage","inLanguage":"pt-BR","url":"http:\/\/tixengenharia.com.br\/engenharia\/wp-content\/uploads\/2015\/10\/03-300x225.jpg","contentUrl":"http:\/\/tixengenharia.com.br\/engenharia\/wp-content\/uploads\/2015\/10\/03-300x225.jpg"},{"@type":"WebPage","@id":"https:\/\/tixengenharia.com.br\/engenharia\/empresa\/#webpage","url":"https:\/\/tixengenharia.com.br\/engenharia\/empresa\/","name":"Impermeabiliza\u00e7\u00e3o Recupera\u00e7\u00e3o Estrutural TIX ENGENHARIA","isPartOf":{"@id":"https:\/\/tixengenharia.com.br\/engenharia\/#website"},"primaryImageOfPage":{"@id":"https:\/\/tixengenharia.com.br\/engenharia\/empresa\/#primaryimage"},"datePublished":"2015-10-17T15:26:56+00:00","dateModified":"2020-03-10T13:14:09+00:00","description":"Impermeabiliza\u00e7\u00e3o, refor\u00e7o estrutural, revestimento anticorrosivos s\u00e3o especialidades da TIX ENGENHARIA, obras de todos os portes em todo Brasil.","breadcrumb":{"@id":"https:\/\/tixengenharia.com.br\/engenharia\/empresa\/#breadcrumb"},"inLanguage":"pt-BR","potentialAction":[{"@type":"ReadAction","target":["https:\/\/tixengenharia.com.br\/engenharia\/empresa\/"]}]},{"@type":"BreadcrumbList","@id":"https:\/\/tixengenharia.com.br\/engenharia\/empresa\/#breadcrumb","itemListElement":[{"@type":"ListItem","position":1,"name":"In\u00edcio","item":"https:\/\/tixengenharia.com.br\/engenharia\/"},{"@type":"ListItem","position":2,"name":"Empresa"}]}]}},"_links":{"self":[{"href":"https:\/\/tixengenharia.com.br\/engenharia\/wp-json\/wp\/v2\/pages\/86"}],"collection":[{"href":"https:\/\/tixengenharia.com.br\/engenharia\/wp-json\/wp\/v2\/pages"}],"about":[{"href":"https:\/\/tixengenharia.com.br\/engenharia\/wp-json\/wp\/v2\/types\/page"}],"author":[{"embeddable":true,"href":"https:\/\/tixengenharia.com.br\/engenharia\/wp-json\/wp\/v2\/users\/1"}],"replies":[{"embeddable":true,"href":"https:\/\/tixengenharia.com.br\/engenharia\/wp-json\/wp\/v2\/comments?post=86"}],"version-history":[{"count":52,"href":"https:\/\/tixengenharia.com.br\/engenharia\/wp-json\/wp\/v2\/pages\/86\/revisions"}],"predecessor-version":[{"id":855,"href":"https:\/\/tixengenharia.com.br\/engenharia\/wp-json\/wp\/v2\/pages\/86\/revisions\/855"}],"wp:attachment":[{"href":"https:\/\/tixengenharia.com.br\/engenharia\/wp-json\/wp\/v2\/media?parent=86"}],"curies":[{"name":"wp","href":"https:\/\/api.w.org\/{rel}","templated":true}]}}