{"id":74,"date":"2015-10-17T12:13:59","date_gmt":"2015-10-17T15:13:59","guid":{"rendered":"http:\/\/tixengenharia.com.br\/engenharia\/?page_id=74"},"modified":"2018-12-04T08:40:53","modified_gmt":"2018-12-04T11:40:53","slug":"outras-atuacoes","status":"publish","type":"page","link":"https:\/\/tixengenharia.com.br\/engenharia\/onde-atuamos\/outras-atuacoes\/","title":{"rendered":"Outras atua\u00e7\u00f5es"},"content":{"rendered":"<div id=\"attachment_399\" style=\"width: 740px\" class=\"wp-caption aligncenter\"><a  href=\"http:\/\/tixengenharia.com.br\/engenharia\/wp-content\/uploads\/2015\/10\/baner15.jpg\" data-rel=\"lightbox-gallery-0\" data-rl_title=\"Tix Engenharia e Impermeabiliza\u00e7\u00e3o\" data-rl_caption=\"\" title=\"Tix Engenharia e Impermeabiliza\u00e7\u00e3o\"><img aria-describedby=\"caption-attachment-399\" loading=\"lazy\" class=\"wp-image-399 size-full\" src=\"http:\/\/tixengenharia.com.br\/engenharia\/wp-content\/uploads\/2015\/10\/baner15.jpg\" alt=\"Tix Engenharia Impermeabiliza\u00e7\u00f5es\" width=\"730\" height=\"190\" srcset=\"https:\/\/tixengenharia.com.br\/engenharia\/wp-content\/uploads\/2015\/10\/baner15.jpg 730w, https:\/\/tixengenharia.com.br\/engenharia\/wp-content\/uploads\/2015\/10\/baner15-300x78.jpg 300w\" sizes=\"(max-width: 730px) 100vw, 730px\" \/><\/a><p id=\"caption-attachment-399\" class=\"wp-caption-text\">Solu\u00e7\u00f5es efetivas e\u00a0servi\u00e7os especializados para a sua reforma ou constru\u00e7\u00e3o!<\/p><\/div>\n<hr \/>\n<p style=\"text-align: justify;\">A <strong><a href=\"http:\/\/tixengenharia.com.br\/engenharia\">TIX ENGENHARIA LTDA<\/a><\/strong>\u00a0possui em seu portf\u00f3lio uma grande quantidade de obras executadas, especialmenmte envolvendo <strong><a href=\"http:\/\/tixengenharia.com.br\/engenharia\/servicos\/impermeabilizacoes\/\">impermeabiliza\u00e7\u00f5es<\/a><\/strong>, <strong><a href=\"http:\/\/tixengenharia.com.br\/engenharia\/servicos\/recuperacao-estrutural\/\">reparos estruturais<\/a><\/strong> e <strong><a href=\"http:\/\/tixengenharia.com.br\/engenharia\/servicos\/revestimentos-anticorrosivos\/\">revestimentos anticorrosivos<\/a><\/strong>\u00a0e <strong><a href=\"http:\/\/tixengenharia.com.br\/engenharia\/servicos\/injecoes-poliuretano-e-resinas\/\">sistemas de inje\u00e7\u00e3o de resinas especiais<\/a>\u00a0<\/strong>utilizando\u00a0as mais variadas tecnologias dispon\u00edveis, em estreita atua\u00e7\u00e3o junto \u00e0s engenharias de produto e ao corpo\u00a0t\u00e9cnico dos contratantes.<\/p>\n<p style=\"text-align: justify;\">Entre os setores atendidos, h\u00e1 ind\u00fastrias papeleiras, de alimentos, metal-mec\u00e2nicas, shoppings, edif\u00edcios comerciais e residenciais, refinarias, clubes recreativos e\u00a0etc.<\/p>\n<p style=\"text-align: justify;\">Investimos\u00a0continuamente em treinamento,\u00a0novas tecnologias e em equipamentos e mantemos\u00a0quadro pr\u00f3prio de colaboradores, com baixa rotatividade de pessoal, todos devidamente qualificados e continuamente treinados.<\/p>\n<p style=\"text-align: justify;\">Detemos\u00a0extenso know-how t\u00e9cnico, em conson\u00e2ncia com as mudan\u00e7as cont\u00ednuas de mercado e com parcerias duradouras com os mais proeminentes fornecedores de materiais para a execu\u00e7\u00e3o dos servi\u00e7os, dentre os quais destacam-se <a href=\"http:\/\/www.viapol.com.br\/\" target=\"_blank\" rel=\"noopener\">Viapol<\/a>, <a href=\"http:\/\/www.denverimper.com.br\/\" target=\"_blank\" rel=\"noopener\">Denverimper<\/a>,\u00a0<a href=\"http:\/\/www.ihiper.com.br\/\" target=\"_blank\" rel=\"noopener\">Ihiper,<\/a>\u00a0<a href=\"http:\/\/www.uniontech.com.br\" target=\"_blank\" rel=\"noopener\">Uniontech<\/a>,\u00a0dentre outras.<\/p>\n<p style=\"text-align: justify;\">Entre em contato conosco e conte com a <strong><a href=\"http:\/\/tixengenharia.com.br\/engenharia\">TIX ENGENHARIA<\/a>\u00a0<\/strong>em seu projeto de constru\u00e7\u00e3o ou reforma em qualquer Cidade do Brasil!<\/p>\n<p><strong>Ver fotos de servi\u00e7os executados:<\/strong><br \/>\n      <style>\r\n              <\/style>\r\n<div id=\"insta-gallery-feed-774566543\" class=\"insta-gallery-feed insta-gallery-square\" data-feed=\"{&quot;id&quot;:5,&quot;order&quot;:5,&quot;username&quot;:8675367917,&quot;type&quot;:&quot;username&quot;,&quot;tag&quot;:&quot;&quot;,&quot;order_by&quot;:&quot;top_media&quot;,&quot;layout&quot;:&quot;gallery&quot;,&quot;limit&quot;:12,&quot;columns&quot;:3,&quot;resolution&quot;:&quot;standard&quot;,&quot;lazy&quot;:false,&quot;spacing&quot;:0,&quot;highlight&quot;:[&quot;1&quot;,&quot;3&quot;,&quot;5&quot;],&quot;profile&quot;:{&quot;id&quot;:8675367917,&quot;username&quot;:&quot;&quot;,&quot;website&quot;:&quot;&quot;,&quot;biography&quot;:&quot;&quot;,&quot;name&quot;:&quot;&quot;,&quot;followers_count&quot;:0,&quot;media_count&quot;:0,&quot;profile_picture_url&quot;:&quot;http:\\\/\\\/2.gravatar.com\\\/avatar\\\/b642b4217b34b1e8d3bd915fc65c4452?s=320&amp;d=mm&amp;r=g&quot;,&quot;link&quot;:&quot;&quot;},&quot;box&quot;:{&quot;display&quot;:false,&quot;padding&quot;:1,&quot;radius&quot;:0,&quot;background&quot;:&quot;#fefefe&quot;,&quot;profile&quot;:false,&quot;desc&quot;:&quot;&quot;,&quot;color_text&quot;:&quot;#000000&quot;},&quot;mask&quot;:{&quot;display&quot;:true,&quot;background&quot;:&quot;&quot;,&quot;likes&quot;:&quot;1&quot;,&quot;comments&quot;:&quot;1&quot;},&quot;card&quot;:{&quot;display&quot;:false,&quot;radius&quot;:1,&quot;font_size&quot;:12,&quot;background&quot;:&quot;#ffffff&quot;,&quot;text_color&quot;:&quot;#000000&quot;,&quot;padding&quot;:5,&quot;info&quot;:true,&quot;length&quot;:10,&quot;caption&quot;:true},&quot;carousel&quot;:{&quot;slidespv&quot;:5,&quot;autoplay&quot;:&quot;1&quot;,&quot;autoplay_interval&quot;:3000,&quot;navarrows&quot;:&quot;1&quot;,&quot;navarrows_color&quot;:&quot;&quot;,&quot;pagination&quot;:true,&quot;pagination_color&quot;:&quot;&quot;,&quot;columns&quot;:&quot;3&quot;},&quot;popup&quot;:{&quot;display&quot;:true,&quot;profile&quot;:false,&quot;caption&quot;:&quot;1&quot;,&quot;likes&quot;:false,&quot;comments&quot;:false,&quot;align&quot;:&quot;bottom&quot;},&quot;button&quot;:{&quot;display&quot;:&quot;1&quot;,&quot;text&quot;:&quot;View on Instagram&quot;,&quot;background&quot;:&quot;&quot;,&quot;background_hover&quot;:&quot;&quot;},&quot;button_load&quot;:{&quot;display&quot;:false,&quot;text&quot;:&quot;Load more...&quot;,&quot;background&quot;:&quot;&quot;,&quot;background_hover&quot;:&quot;&quot;},&quot;size&quot;:&quot;medium&quot;,&quot;insta_layout&quot;:&quot;gallery&quot;,&quot;insta_box&quot;:false,&quot;insta_box-padding&quot;:1,&quot;insta_box-radius&quot;:0,&quot;insta_box-background&quot;:&quot;#fefefe&quot;,&quot;insta_box-profile&quot;:false,&quot;insta_box-desc&quot;:&quot;&quot;,&quot;insta_box-color-text&quot;:&quot;#000000&quot;,&quot;insta_button_load&quot;:false,&quot;insta_button_load-background-hover&quot;:&quot;&quot;,&quot;insta_button_load-background&quot;:&quot;&quot;,&quot;insta_button_load-text&quot;:&quot;Load more...&quot;,&quot;insta_button&quot;:&quot;1&quot;,&quot;insta_button-background-hover&quot;:&quot;&quot;,&quot;insta_button-background&quot;:&quot;&quot;,&quot;insta_button-text&quot;:&quot;View on Instagram&quot;,&quot;insta_card&quot;:false,&quot;insta_card-font-size&quot;:12,&quot;insta_card-color-text&quot;:&quot;#000000&quot;,&quot;insta_card-padding&quot;:5,&quot;insta_card-radius&quot;:1,&quot;insta_card-background&quot;:&quot;#ffffff&quot;}\" data-feed_layout=\"gallery\">\r\n    <div class=\"insta-gallery-list\">\r\n  <\/div>\r\n  <div class=\"insta-gallery-spinner\"><\/div>    <div class=\"insta-gallery-actions\">\r\n    <a href=\"https:\/\/www.instagram.com\/\" target=\"blank\" class=\"insta-gallery-button follow\"><i class=\"qligg-icon-instagram-o\"><\/i>View on Instagram<\/a>\r\n  <\/div>\r\n <\/div>\n<hr \/>\n<p>&nbsp;<\/p>\n<div class=\"su-quote su-quote-style-default\"><div class=\"su-quote-inner su-u-clearfix su-u-trim\">Conte com a\u00a0Tix Engenharia em servi\u00e7os de impermeabiliza\u00e7\u00f5es e recupera\u00e7\u00e3o estrutural em projetos de todos os portes!<\/div><\/div>\n","protected":false},"excerpt":{"rendered":"<div class=\"slide-text-bg2\"><span>A TIX ENGENHARIA LTDA\u00a0possui em seu portf\u00f3lio uma grande quantidade de obras executadas, especialmenmte envolvendo impermeabiliza\u00e7\u00f5es, reparos estrutur<\/span><\/div>\n<div class=\"slide-btn-area-sm\"><a href=\"https:\/\/tixengenharia.com.br\/engenharia\/onde-atuamos\/outras-atuacoes\/\" class=\"slide-btn-sm\">Ler mais<\/a><\/div>\n","protected":false},"author":1,"featured_media":0,"parent":62,"menu_order":8,"comment_status":"closed","ping_status":"closed","template":"","meta":{"_links_to":"","_links_to_target":""},"yoast_head":"<!-- This site is optimized with the Yoast SEO plugin v17.8 - https:\/\/yoast.com\/wordpress\/plugins\/seo\/ -->\n<title>Impermeabiliza\u00e7\u00e3o Recupera\u00e7\u00e3o Estrutural TIX ENGENHARIA<\/title>\n<meta name=\"description\" content=\"Impermeabiliza\u00e7\u00e3o, refor\u00e7o estrutural, revestimento anticorrosivos s\u00e3o especialidades da TIX ENGENHARIA, obras de todos os portes em todo Brasil.\" \/>\n<meta name=\"robots\" content=\"index, follow, max-snippet:-1, max-image-preview:large, max-video-preview:-1\" \/>\n<link rel=\"canonical\" href=\"https:\/\/tixengenharia.com.br\/engenharia\/onde-atuamos\/outras-atuacoes\/\" \/>\n<meta property=\"og:locale\" content=\"pt_BR\" \/>\n<meta property=\"og:type\" content=\"article\" \/>\n<meta property=\"og:title\" content=\"Impermeabiliza\u00e7\u00e3o Recupera\u00e7\u00e3o Estrutural TIX ENGENHARIA\" \/>\n<meta property=\"og:description\" content=\"Impermeabiliza\u00e7\u00e3o, refor\u00e7o estrutural, revestimento anticorrosivos s\u00e3o especialidades da TIX ENGENHARIA, obras de todos os portes em todo Brasil.\" \/>\n<meta property=\"og:url\" content=\"https:\/\/tixengenharia.com.br\/engenharia\/onde-atuamos\/outras-atuacoes\/\" \/>\n<meta property=\"og:site_name\" content=\"Tix Engenharia e Impermeabiliza\u00e7\u00e3o\" \/>\n<meta property=\"article:modified_time\" content=\"2018-12-04T11:40:53+00:00\" \/>\n<meta property=\"og:image\" content=\"http:\/\/tixengenharia.com.br\/engenharia\/wp-content\/uploads\/2015\/10\/baner15.jpg\" \/>\n<meta name=\"twitter:card\" content=\"summary\" \/>\n<meta name=\"twitter:label1\" content=\"Est. tempo de leitura\" \/>\n\t<meta name=\"twitter:data1\" content=\"1 minuto\" \/>\n<script type=\"application\/ld+json\" class=\"yoast-schema-graph\">{\"@context\":\"https:\/\/schema.org\",\"@graph\":[{\"@type\":\"WebSite\",\"@id\":\"https:\/\/tixengenharia.com.br\/engenharia\/#website\",\"url\":\"https:\/\/tixengenharia.com.br\/engenharia\/\",\"name\":\"Tix Engenharia e Impermeabiliza\\u00e7\\u00e3o\",\"description\":\"Impermeabiliza\\u00e7\\u00e3o e Recupera\\u00e7\\u00e3o Estrutural - Tix Engenharia\",\"potentialAction\":[{\"@type\":\"SearchAction\",\"target\":{\"@type\":\"EntryPoint\",\"urlTemplate\":\"https:\/\/tixengenharia.com.br\/engenharia\/?s={search_term_string}\"},\"query-input\":\"required name=search_term_string\"}],\"inLanguage\":\"pt-BR\"},{\"@type\":\"ImageObject\",\"@id\":\"https:\/\/tixengenharia.com.br\/engenharia\/onde-atuamos\/outras-atuacoes\/#primaryimage\",\"inLanguage\":\"pt-BR\",\"url\":\"http:\/\/tixengenharia.com.br\/engenharia\/wp-content\/uploads\/2015\/10\/baner15.jpg\",\"contentUrl\":\"http:\/\/tixengenharia.com.br\/engenharia\/wp-content\/uploads\/2015\/10\/baner15.jpg\"},{\"@type\":\"WebPage\",\"@id\":\"https:\/\/tixengenharia.com.br\/engenharia\/onde-atuamos\/outras-atuacoes\/#webpage\",\"url\":\"https:\/\/tixengenharia.com.br\/engenharia\/onde-atuamos\/outras-atuacoes\/\",\"name\":\"Impermeabiliza\\u00e7\\u00e3o Recupera\\u00e7\\u00e3o Estrutural TIX ENGENHARIA\",\"isPartOf\":{\"@id\":\"https:\/\/tixengenharia.com.br\/engenharia\/#website\"},\"primaryImageOfPage\":{\"@id\":\"https:\/\/tixengenharia.com.br\/engenharia\/onde-atuamos\/outras-atuacoes\/#primaryimage\"},\"datePublished\":\"2015-10-17T15:13:59+00:00\",\"dateModified\":\"2018-12-04T11:40:53+00:00\",\"description\":\"Impermeabiliza\\u00e7\\u00e3o, refor\\u00e7o estrutural, revestimento anticorrosivos s\\u00e3o especialidades da TIX ENGENHARIA, obras de todos os portes em todo Brasil.\",\"breadcrumb\":{\"@id\":\"https:\/\/tixengenharia.com.br\/engenharia\/onde-atuamos\/outras-atuacoes\/#breadcrumb\"},\"inLanguage\":\"pt-BR\",\"potentialAction\":[{\"@type\":\"ReadAction\",\"target\":[\"https:\/\/tixengenharia.com.br\/engenharia\/onde-atuamos\/outras-atuacoes\/\"]}]},{\"@type\":\"BreadcrumbList\",\"@id\":\"https:\/\/tixengenharia.com.br\/engenharia\/onde-atuamos\/outras-atuacoes\/#breadcrumb\",\"itemListElement\":[{\"@type\":\"ListItem\",\"position\":1,\"name\":\"In\\u00edcio\",\"item\":\"https:\/\/tixengenharia.com.br\/engenharia\/\"},{\"@type\":\"ListItem\",\"position\":2,\"name\":\"Onde atuamos\",\"item\":\"https:\/\/tixengenharia.com.br\/engenharia\/onde-atuamos\/\"},{\"@type\":\"ListItem\",\"position\":3,\"name\":\"Outras atua\\u00e7\\u00f5es\"}]}]}<\/script>\n<!-- \/ Yoast SEO plugin. -->","yoast_head_json":{"title":"Impermeabiliza\u00e7\u00e3o Recupera\u00e7\u00e3o Estrutural TIX ENGENHARIA","description":"Impermeabiliza\u00e7\u00e3o, refor\u00e7o estrutural, revestimento anticorrosivos s\u00e3o especialidades da TIX ENGENHARIA, obras de todos os portes em todo Brasil.","robots":{"index":"index","follow":"follow","max-snippet":"max-snippet:-1","max-image-preview":"max-image-preview:large","max-video-preview":"max-video-preview:-1"},"canonical":"https:\/\/tixengenharia.com.br\/engenharia\/onde-atuamos\/outras-atuacoes\/","og_locale":"pt_BR","og_type":"article","og_title":"Impermeabiliza\u00e7\u00e3o Recupera\u00e7\u00e3o Estrutural TIX ENGENHARIA","og_description":"Impermeabiliza\u00e7\u00e3o, refor\u00e7o estrutural, revestimento anticorrosivos s\u00e3o especialidades da TIX ENGENHARIA, obras de todos os portes em todo Brasil.","og_url":"https:\/\/tixengenharia.com.br\/engenharia\/onde-atuamos\/outras-atuacoes\/","og_site_name":"Tix Engenharia e Impermeabiliza\u00e7\u00e3o","article_modified_time":"2018-12-04T11:40:53+00:00","og_image":[{"url":"http:\/\/tixengenharia.com.br\/engenharia\/wp-content\/uploads\/2015\/10\/baner15.jpg"}],"twitter_card":"summary","twitter_misc":{"Est. tempo de leitura":"1 minuto"},"schema":{"@context":"https:\/\/schema.org","@graph":[{"@type":"WebSite","@id":"https:\/\/tixengenharia.com.br\/engenharia\/#website","url":"https:\/\/tixengenharia.com.br\/engenharia\/","name":"Tix Engenharia e Impermeabiliza\u00e7\u00e3o","description":"Impermeabiliza\u00e7\u00e3o e Recupera\u00e7\u00e3o Estrutural - Tix Engenharia","potentialAction":[{"@type":"SearchAction","target":{"@type":"EntryPoint","urlTemplate":"https:\/\/tixengenharia.com.br\/engenharia\/?s={search_term_string}"},"query-input":"required name=search_term_string"}],"inLanguage":"pt-BR"},{"@type":"ImageObject","@id":"https:\/\/tixengenharia.com.br\/engenharia\/onde-atuamos\/outras-atuacoes\/#primaryimage","inLanguage":"pt-BR","url":"http:\/\/tixengenharia.com.br\/engenharia\/wp-content\/uploads\/2015\/10\/baner15.jpg","contentUrl":"http:\/\/tixengenharia.com.br\/engenharia\/wp-content\/uploads\/2015\/10\/baner15.jpg"},{"@type":"WebPage","@id":"https:\/\/tixengenharia.com.br\/engenharia\/onde-atuamos\/outras-atuacoes\/#webpage","url":"https:\/\/tixengenharia.com.br\/engenharia\/onde-atuamos\/outras-atuacoes\/","name":"Impermeabiliza\u00e7\u00e3o Recupera\u00e7\u00e3o Estrutural TIX ENGENHARIA","isPartOf":{"@id":"https:\/\/tixengenharia.com.br\/engenharia\/#website"},"primaryImageOfPage":{"@id":"https:\/\/tixengenharia.com.br\/engenharia\/onde-atuamos\/outras-atuacoes\/#primaryimage"},"datePublished":"2015-10-17T15:13:59+00:00","dateModified":"2018-12-04T11:40:53+00:00","description":"Impermeabiliza\u00e7\u00e3o, refor\u00e7o estrutural, revestimento anticorrosivos s\u00e3o especialidades da TIX ENGENHARIA, obras de todos os portes em todo Brasil.","breadcrumb":{"@id":"https:\/\/tixengenharia.com.br\/engenharia\/onde-atuamos\/outras-atuacoes\/#breadcrumb"},"inLanguage":"pt-BR","potentialAction":[{"@type":"ReadAction","target":["https:\/\/tixengenharia.com.br\/engenharia\/onde-atuamos\/outras-atuacoes\/"]}]},{"@type":"BreadcrumbList","@id":"https:\/\/tixengenharia.com.br\/engenharia\/onde-atuamos\/outras-atuacoes\/#breadcrumb","itemListElement":[{"@type":"ListItem","position":1,"name":"In\u00edcio","item":"https:\/\/tixengenharia.com.br\/engenharia\/"},{"@type":"ListItem","position":2,"name":"Onde atuamos","item":"https:\/\/tixengenharia.com.br\/engenharia\/onde-atuamos\/"},{"@type":"ListItem","position":3,"name":"Outras atua\u00e7\u00f5es"}]}]}},"_links":{"self":[{"href":"https:\/\/tixengenharia.com.br\/engenharia\/wp-json\/wp\/v2\/pages\/74"}],"collection":[{"href":"https:\/\/tixengenharia.com.br\/engenharia\/wp-json\/wp\/v2\/pages"}],"about":[{"href":"https:\/\/tixengenharia.com.br\/engenharia\/wp-json\/wp\/v2\/types\/page"}],"author":[{"embeddable":true,"href":"https:\/\/tixengenharia.com.br\/engenharia\/wp-json\/wp\/v2\/users\/1"}],"replies":[{"embeddable":true,"href":"https:\/\/tixengenharia.com.br\/engenharia\/wp-json\/wp\/v2\/comments?post=74"}],"version-history":[{"count":10,"href":"https:\/\/tixengenharia.com.br\/engenharia\/wp-json\/wp\/v2\/pages\/74\/revisions"}],"predecessor-version":[{"id":772,"href":"https:\/\/tixengenharia.com.br\/engenharia\/wp-json\/wp\/v2\/pages\/74\/revisions\/772"}],"up":[{"embeddable":true,"href":"https:\/\/tixengenharia.com.br\/engenharia\/wp-json\/wp\/v2\/pages\/62"}],"wp:attachment":[{"href":"https:\/\/tixengenharia.com.br\/engenharia\/wp-json\/wp\/v2\/media?parent=74"}],"curies":[{"name":"wp","href":"https:\/\/api.w.org\/{rel}","templated":true}]}}