{"id":72,"date":"2015-10-17T12:13:35","date_gmt":"2015-10-17T15:13:35","guid":{"rendered":"http:\/\/tixengenharia.com.br\/engenharia\/?page_id=72"},"modified":"2019-11-29T14:12:49","modified_gmt":"2019-11-29T17:12:49","slug":"solucoes-para-incorporadoras","status":"publish","type":"page","link":"https:\/\/tixengenharia.com.br\/engenharia\/onde-atuamos\/solucoes-para-incorporadoras\/","title":{"rendered":"Construtoras e Incorporadoras"},"content":{"rendered":"<p><a href=\"http:\/\/tixengenharia.com.br\/engenharia\/obras-em-destaque\/\" target=\"_blank\" rel=\"noopener noreferrer\"><img loading=\"lazy\" class=\"aligncenter wp-image-841 size-full\" title=\"Tix Engenharia Impermeabiliza\u00e7\u00e3o\" src=\"https:\/\/tixengenharia.com.br\/engenharia\/wp-content\/uploads\/2019\/11\/ban3.jpg\" alt=\"IMPERMEABILIZA\u00c7\u00c3O LONDRINA E MARING\u00c1\" width=\"730\" height=\"190\" srcset=\"https:\/\/tixengenharia.com.br\/engenharia\/wp-content\/uploads\/2019\/11\/ban3.jpg 730w, https:\/\/tixengenharia.com.br\/engenharia\/wp-content\/uploads\/2019\/11\/ban3-300x78.jpg 300w\" sizes=\"(max-width: 730px) 100vw, 730px\" \/><\/a><\/p>\n<p style=\"text-align: justify;\">A <strong><a href=\"http:\/\/tixengenharia.com.br\/engenharia\">TIX ENGENHARIA E IMPERMEABILIZA\u00c7\u00c3O<\/a><\/strong><strong>\u00a0<\/strong>atua junto a <strong>Construtoras<\/strong> e <strong>Incorporadoras<\/strong>, disponibilizando\u00a0servi\u00e7os t\u00e9cnicos de excel\u00eancia e produtos de \u00faltima gera\u00e7\u00e3o,\u00a0agregando valor a projetos de quaisquer portes, especialmente em diagn\u00f3sticos, laudos e procedimentos e solu\u00e7\u00f5es em situa\u00e7\u00f5es que envolvam:<\/p>\n<p style=\"text-align: justify;\"><a  href=\"http:\/\/tixengenharia.com.br\/engenharia\/wp-content\/uploads\/2015\/10\/03.jpg\" data-rel=\"lightbox-gallery-0\" data-rl_title=\"Revestimentos anticorrosivos\" data-rl_caption=\"\" title=\"Revestimentos anticorrosivos\"><img loading=\"lazy\" class=\"alignleft wp-image-168\" src=\"http:\/\/tixengenharia.com.br\/engenharia\/wp-content\/uploads\/2015\/10\/03-150x150.jpg\" alt=\"Revestimentos anticorrosivos\" width=\"135\" height=\"101\" \/><\/a><\/p>\n<p style=\"text-align: justify;\"><a href=\"http:\/\/tixengenharia.com.br\/engenharia\/servicos\/impermeabilizacoes\/\">Impermeabiliza\u00e7\u00f5es<br \/>\n<\/a><a href=\"http:\/\/tixengenharia.com.br\/engenharia\/servicos\/recuperacao-estrutural\/\">Recupera\u00e7\u00e3o Estrutural<br \/>\n<\/a><a href=\"http:\/\/tixengenharia.com.br\/engenharia\/servicos\/revestimentos-anticorrosivos\/\">Revestimentos anticorrosivos<br \/>\n<\/a><a href=\"http:\/\/tixengenharia.com.br\/engenharia\/servicos\/injecoes-poliuretano-e-resinas\/\">Inje\u00e7\u00f5es de Poliuretano e Resinas<\/a>.<\/p>\n<hr \/>\n<p style=\"text-align: justify;\">Com robusta estrutura, \u00a0que nos\u00a0permite atender a clientes de diferentes regi\u00f5es do Brasil, a <strong><a href=\"http:\/\/tixengenharia.com.br\/engenharia\">TIX ENGENHARIA E IMPERMEABILIZA\u00c7\u00c3O<\/a><\/strong>\u00a0\u00e9 refer\u00eancia\u00a0em\u00a0servi\u00e7os especializados para incorporadoras, atuando em todo o Brasil, incluindo os\u00a0estados do Paran\u00e1, S\u00e3o Paulo e Mato Grosso do Sul, al\u00e9m de todo o Norte do Paran\u00e1,\u00a0Oeste de Mato Grosso do Sul, Oeste de S\u00e3o Paulo, dentre outras regi\u00f5es, sob consulta.<\/p>\n<p style=\"text-align: justify;\"><a href=\"http:\/\/tixengenharia.com.br\/engenharia\/contatos\/\" class=\"su-button su-button-style-default\" style=\"color:#FFFFFF;background-color:#2D89EF;border-color:#246ec0;border-radius:5px;-moz-border-radius:5px;-webkit-border-radius:5px\" target=\"_self\"><span style=\"color:#FFFFFF;padding:6px 16px;font-size:13px;line-height:20px;border-color:#6cadf4;border-radius:5px;-moz-border-radius:5px;-webkit-border-radius:5px;text-shadow:none;-moz-text-shadow:none;-webkit-text-shadow:none\"><i class=\"sui sui-envelope-o\" style=\"font-size:13px;color:#FFFFFF\"><\/i> Solicite or\u00e7amento<\/span><\/a>\n","protected":false},"excerpt":{"rendered":"<div class=\"slide-text-bg2\"><span>A TIX ENGENHARIA E IMPERMEABILIZA\u00c7\u00c3O\u00a0atua junto a Construtoras e Incorporadoras, disponibilizando\u00a0servi\u00e7os t\u00e9cnicos de excel\u00eancia e produtos de \u00falt<\/span><\/div>\n<div class=\"slide-btn-area-sm\"><a href=\"https:\/\/tixengenharia.com.br\/engenharia\/onde-atuamos\/solucoes-para-incorporadoras\/\" class=\"slide-btn-sm\">Ler mais<\/a><\/div>\n","protected":false},"author":1,"featured_media":0,"parent":62,"menu_order":6,"comment_status":"closed","ping_status":"closed","template":"","meta":{"_links_to":"","_links_to_target":""},"yoast_head":"<!-- This site is optimized with the Yoast SEO plugin v17.8 - https:\/\/yoast.com\/wordpress\/plugins\/seo\/ -->\n<title>Impermeabiliza\u00e7\u00e3o Recupera\u00e7\u00e3o Estrutural TIX ENGENHARIA<\/title>\n<meta name=\"description\" content=\"Impermeabiliza\u00e7\u00e3o, refor\u00e7o estrutural, revestimento anticorrosivos s\u00e3o especialidades da TIX ENGENHARIA, obras de todos os portes em todo Brasil.\" \/>\n<meta name=\"robots\" content=\"index, follow, max-snippet:-1, max-image-preview:large, max-video-preview:-1\" \/>\n<link rel=\"canonical\" href=\"https:\/\/tixengenharia.com.br\/engenharia\/onde-atuamos\/solucoes-para-incorporadoras\/\" \/>\n<meta property=\"og:locale\" content=\"pt_BR\" \/>\n<meta property=\"og:type\" content=\"article\" \/>\n<meta property=\"og:title\" content=\"Impermeabiliza\u00e7\u00e3o Recupera\u00e7\u00e3o Estrutural TIX ENGENHARIA\" \/>\n<meta property=\"og:description\" content=\"Impermeabiliza\u00e7\u00e3o, refor\u00e7o estrutural, revestimento anticorrosivos s\u00e3o especialidades da TIX ENGENHARIA, obras de todos os portes em todo Brasil.\" \/>\n<meta property=\"og:url\" content=\"https:\/\/tixengenharia.com.br\/engenharia\/onde-atuamos\/solucoes-para-incorporadoras\/\" \/>\n<meta property=\"og:site_name\" content=\"Tix Engenharia e Impermeabiliza\u00e7\u00e3o\" \/>\n<meta property=\"article:modified_time\" content=\"2019-11-29T17:12:49+00:00\" \/>\n<meta property=\"og:image\" content=\"https:\/\/tixengenharia.com.br\/engenharia\/wp-content\/uploads\/2019\/11\/ban3.jpg\" \/>\n<meta name=\"twitter:card\" content=\"summary\" \/>\n<meta name=\"twitter:label1\" content=\"Est. tempo de leitura\" \/>\n\t<meta name=\"twitter:data1\" content=\"1 minuto\" \/>\n<script type=\"application\/ld+json\" class=\"yoast-schema-graph\">{\"@context\":\"https:\/\/schema.org\",\"@graph\":[{\"@type\":\"WebSite\",\"@id\":\"https:\/\/tixengenharia.com.br\/engenharia\/#website\",\"url\":\"https:\/\/tixengenharia.com.br\/engenharia\/\",\"name\":\"Tix Engenharia e Impermeabiliza\\u00e7\\u00e3o\",\"description\":\"Impermeabiliza\\u00e7\\u00e3o e Recupera\\u00e7\\u00e3o Estrutural - Tix Engenharia\",\"potentialAction\":[{\"@type\":\"SearchAction\",\"target\":{\"@type\":\"EntryPoint\",\"urlTemplate\":\"https:\/\/tixengenharia.com.br\/engenharia\/?s={search_term_string}\"},\"query-input\":\"required name=search_term_string\"}],\"inLanguage\":\"pt-BR\"},{\"@type\":\"ImageObject\",\"@id\":\"https:\/\/tixengenharia.com.br\/engenharia\/onde-atuamos\/solucoes-para-incorporadoras\/#primaryimage\",\"inLanguage\":\"pt-BR\",\"url\":\"https:\/\/tixengenharia.com.br\/engenharia\/wp-content\/uploads\/2019\/11\/ban3.jpg\",\"contentUrl\":\"https:\/\/tixengenharia.com.br\/engenharia\/wp-content\/uploads\/2019\/11\/ban3.jpg\",\"width\":730,\"height\":190},{\"@type\":\"WebPage\",\"@id\":\"https:\/\/tixengenharia.com.br\/engenharia\/onde-atuamos\/solucoes-para-incorporadoras\/#webpage\",\"url\":\"https:\/\/tixengenharia.com.br\/engenharia\/onde-atuamos\/solucoes-para-incorporadoras\/\",\"name\":\"Impermeabiliza\\u00e7\\u00e3o Recupera\\u00e7\\u00e3o Estrutural TIX ENGENHARIA\",\"isPartOf\":{\"@id\":\"https:\/\/tixengenharia.com.br\/engenharia\/#website\"},\"primaryImageOfPage\":{\"@id\":\"https:\/\/tixengenharia.com.br\/engenharia\/onde-atuamos\/solucoes-para-incorporadoras\/#primaryimage\"},\"datePublished\":\"2015-10-17T15:13:35+00:00\",\"dateModified\":\"2019-11-29T17:12:49+00:00\",\"description\":\"Impermeabiliza\\u00e7\\u00e3o, refor\\u00e7o estrutural, revestimento anticorrosivos s\\u00e3o especialidades da TIX ENGENHARIA, obras de todos os portes em todo Brasil.\",\"breadcrumb\":{\"@id\":\"https:\/\/tixengenharia.com.br\/engenharia\/onde-atuamos\/solucoes-para-incorporadoras\/#breadcrumb\"},\"inLanguage\":\"pt-BR\",\"potentialAction\":[{\"@type\":\"ReadAction\",\"target\":[\"https:\/\/tixengenharia.com.br\/engenharia\/onde-atuamos\/solucoes-para-incorporadoras\/\"]}]},{\"@type\":\"BreadcrumbList\",\"@id\":\"https:\/\/tixengenharia.com.br\/engenharia\/onde-atuamos\/solucoes-para-incorporadoras\/#breadcrumb\",\"itemListElement\":[{\"@type\":\"ListItem\",\"position\":1,\"name\":\"In\\u00edcio\",\"item\":\"https:\/\/tixengenharia.com.br\/engenharia\/\"},{\"@type\":\"ListItem\",\"position\":2,\"name\":\"Onde atuamos\",\"item\":\"https:\/\/tixengenharia.com.br\/engenharia\/onde-atuamos\/\"},{\"@type\":\"ListItem\",\"position\":3,\"name\":\"Construtoras e Incorporadoras\"}]}]}<\/script>\n<!-- \/ Yoast SEO plugin. -->","yoast_head_json":{"title":"Impermeabiliza\u00e7\u00e3o Recupera\u00e7\u00e3o Estrutural TIX ENGENHARIA","description":"Impermeabiliza\u00e7\u00e3o, refor\u00e7o estrutural, revestimento anticorrosivos s\u00e3o especialidades da TIX ENGENHARIA, obras de todos os portes em todo Brasil.","robots":{"index":"index","follow":"follow","max-snippet":"max-snippet:-1","max-image-preview":"max-image-preview:large","max-video-preview":"max-video-preview:-1"},"canonical":"https:\/\/tixengenharia.com.br\/engenharia\/onde-atuamos\/solucoes-para-incorporadoras\/","og_locale":"pt_BR","og_type":"article","og_title":"Impermeabiliza\u00e7\u00e3o Recupera\u00e7\u00e3o Estrutural TIX ENGENHARIA","og_description":"Impermeabiliza\u00e7\u00e3o, refor\u00e7o estrutural, revestimento anticorrosivos s\u00e3o especialidades da TIX ENGENHARIA, obras de todos os portes em todo Brasil.","og_url":"https:\/\/tixengenharia.com.br\/engenharia\/onde-atuamos\/solucoes-para-incorporadoras\/","og_site_name":"Tix Engenharia e Impermeabiliza\u00e7\u00e3o","article_modified_time":"2019-11-29T17:12:49+00:00","og_image":[{"url":"https:\/\/tixengenharia.com.br\/engenharia\/wp-content\/uploads\/2019\/11\/ban3.jpg"}],"twitter_card":"summary","twitter_misc":{"Est. tempo de leitura":"1 minuto"},"schema":{"@context":"https:\/\/schema.org","@graph":[{"@type":"WebSite","@id":"https:\/\/tixengenharia.com.br\/engenharia\/#website","url":"https:\/\/tixengenharia.com.br\/engenharia\/","name":"Tix Engenharia e Impermeabiliza\u00e7\u00e3o","description":"Impermeabiliza\u00e7\u00e3o e Recupera\u00e7\u00e3o Estrutural - Tix Engenharia","potentialAction":[{"@type":"SearchAction","target":{"@type":"EntryPoint","urlTemplate":"https:\/\/tixengenharia.com.br\/engenharia\/?s={search_term_string}"},"query-input":"required name=search_term_string"}],"inLanguage":"pt-BR"},{"@type":"ImageObject","@id":"https:\/\/tixengenharia.com.br\/engenharia\/onde-atuamos\/solucoes-para-incorporadoras\/#primaryimage","inLanguage":"pt-BR","url":"https:\/\/tixengenharia.com.br\/engenharia\/wp-content\/uploads\/2019\/11\/ban3.jpg","contentUrl":"https:\/\/tixengenharia.com.br\/engenharia\/wp-content\/uploads\/2019\/11\/ban3.jpg","width":730,"height":190},{"@type":"WebPage","@id":"https:\/\/tixengenharia.com.br\/engenharia\/onde-atuamos\/solucoes-para-incorporadoras\/#webpage","url":"https:\/\/tixengenharia.com.br\/engenharia\/onde-atuamos\/solucoes-para-incorporadoras\/","name":"Impermeabiliza\u00e7\u00e3o Recupera\u00e7\u00e3o Estrutural TIX ENGENHARIA","isPartOf":{"@id":"https:\/\/tixengenharia.com.br\/engenharia\/#website"},"primaryImageOfPage":{"@id":"https:\/\/tixengenharia.com.br\/engenharia\/onde-atuamos\/solucoes-para-incorporadoras\/#primaryimage"},"datePublished":"2015-10-17T15:13:35+00:00","dateModified":"2019-11-29T17:12:49+00:00","description":"Impermeabiliza\u00e7\u00e3o, refor\u00e7o estrutural, revestimento anticorrosivos s\u00e3o especialidades da TIX ENGENHARIA, obras de todos os portes em todo Brasil.","breadcrumb":{"@id":"https:\/\/tixengenharia.com.br\/engenharia\/onde-atuamos\/solucoes-para-incorporadoras\/#breadcrumb"},"inLanguage":"pt-BR","potentialAction":[{"@type":"ReadAction","target":["https:\/\/tixengenharia.com.br\/engenharia\/onde-atuamos\/solucoes-para-incorporadoras\/"]}]},{"@type":"BreadcrumbList","@id":"https:\/\/tixengenharia.com.br\/engenharia\/onde-atuamos\/solucoes-para-incorporadoras\/#breadcrumb","itemListElement":[{"@type":"ListItem","position":1,"name":"In\u00edcio","item":"https:\/\/tixengenharia.com.br\/engenharia\/"},{"@type":"ListItem","position":2,"name":"Onde atuamos","item":"https:\/\/tixengenharia.com.br\/engenharia\/onde-atuamos\/"},{"@type":"ListItem","position":3,"name":"Construtoras e Incorporadoras"}]}]}},"_links":{"self":[{"href":"https:\/\/tixengenharia.com.br\/engenharia\/wp-json\/wp\/v2\/pages\/72"}],"collection":[{"href":"https:\/\/tixengenharia.com.br\/engenharia\/wp-json\/wp\/v2\/pages"}],"about":[{"href":"https:\/\/tixengenharia.com.br\/engenharia\/wp-json\/wp\/v2\/types\/page"}],"author":[{"embeddable":true,"href":"https:\/\/tixengenharia.com.br\/engenharia\/wp-json\/wp\/v2\/users\/1"}],"replies":[{"embeddable":true,"href":"https:\/\/tixengenharia.com.br\/engenharia\/wp-json\/wp\/v2\/comments?post=72"}],"version-history":[{"count":13,"href":"https:\/\/tixengenharia.com.br\/engenharia\/wp-json\/wp\/v2\/pages\/72\/revisions"}],"predecessor-version":[{"id":849,"href":"https:\/\/tixengenharia.com.br\/engenharia\/wp-json\/wp\/v2\/pages\/72\/revisions\/849"}],"up":[{"embeddable":true,"href":"https:\/\/tixengenharia.com.br\/engenharia\/wp-json\/wp\/v2\/pages\/62"}],"wp:attachment":[{"href":"https:\/\/tixengenharia.com.br\/engenharia\/wp-json\/wp\/v2\/media?parent=72"}],"curies":[{"name":"wp","href":"https:\/\/api.w.org\/{rel}","templated":true}]}}